d by 16.
15
Calculate the remainder when 2281657 is divided by 269.
268
Calculate the remainder when 18241 is divided by 51.
34
What is the remainder when 54739 is divided by 16?
3
What is the remainder when 13353 is divided by 887?
48
Calculate the remainder when 52084 is divided by 1370.
24
What is the remainder when 294975 is divided by 1266?
1263
Calculate the remainder when 8072 is divided by 2333.
1073
Calculate the remainder when 33213 is divided by 20.
13
Calculate the remainder when 126140 is divided by 31524.
44
Calculate the remainder when 142146 is divided by 21.
18
Calculate the remainder when 7785 is divided by 2581.
42
What is the remainder when 124818 is divided by 1274?
1240
What is the remainder when 54445 is divided by 18118?
91
What is the remainder when 9115 is divided by 54?
43
Calculate the remainder when 2263 is divided by 159.
37
What is the remainder when 322212 is divided by 151?
129
Calculate the remainder when 5508 is divided by 115.
103
Calculate the remainder when 30624 is divided by 471.
9
What is the remainder when 29160 is divided by 17?
5
What is the remainder when 96754 is divided by 66?
64
Calculate the remainder when 101943 is divided by 354.
345
Calculate the remainder when 3029 is divided by 477.
167
Calculate the remainder when 668 is divided by 395.
273
Calculate the remainder when 6198 is divided by 306.
78
Calculate the remainder when 2387 is divided by 236.
27
Calculate the remainder when 18168 is divided by 7.
3
What is the remainder when 79921 is divided by 13?
10
Calculate the remainder when 79482 is divided by 128.
122
What is the remainder when 8955 is divided by 115?
100
What is the remainder when 273709 is divided by 273702?
7
What is the remainder when 3580 is divided by 113?
77
Calculate the remainder when 17093 is divided by 46.
27
What is the remainder when 422903 is divided by 94?
91
What is the remainder when 3199074 is divided by 927?
924
Calculate the remainder when 241895 is divided by 60458.
63
Calculate the remainder when 45981 is divided by 558.
225
What is the remainder when 23366 is divided by 359?
31
What is the remainder when 73575 is divided by 260?
255
What is the remainder when 913433 is divided by 1149?
1127
What is the remainder when 42884 is divided by 1478?
22
What is the remainder when 29816 is divided by 343?
318
Calculate the remainder when 18052 is divided by 306.
304
What is the remainder when 439 is divided by 190?
59
Calculate the remainder when 42811 is divided by 105.
76
Calculate the remainder when 39995 is divided by 198.
197
Calculate the remainder when 13809 is divided by 114.
15
Calculate the remainder when 45297 is divided by 514.
65
Calculate the remainder when 119139 is divided by 41.
34
Calculate the remainder when 7983 is divided by 3947.
89
What is the remainder when 55678 is divided by 10?
8
Calculate the remainder when 1214 is divided by 286.
70
Calculate the remainder when 29302 is divided by 63.
7
Calculate the remainder when 54378 is divided by 62.
4
What is the remainder when 169721 is divided by 21?
20
Calculate the remainder when 1608 is divided by 149.
118
Calculate the remainder when 45163 is divided by 5015.
28
Calculate the remainder when 160500 is divided by 1244.
24
Calculate the remainder when 4293 is divided by 188.
157
Calculate the remainder when 182194 is divided by 28.
26
Calculate the remainder when 681742 is divided by 42.
40
What is the remainder when 956 is divided by 10?
6
What is the remainder when 1090 is divided by 183?
175
Calculate the remainder when 27518 is divided by 13.
10
What is the remainder when 5819 is divided by 55?
44
Calculate the remainder when 21323 is divided by 7099.
26
Calculate the remainder when 56779 is divided by 9.
7
What is the remainder when 36442 is divided by 6068?
34
What is the remainder when 5287 is divided by 139?
5
Calculate the remainder when 435484 is divided by 74.
68
What is the remainder when 188066 is divided by 62684?
14
Calculate the remainder when 23423 is divided by 88.
15
What is the remainder when 41295 is divided by 148?
3
Calculate the remainder when 64490 is divided by 686.
6
What is the remainder when 5632 is divided by 170?
22
What is the remainder when 9614 is divided by 46?
0
What is the remainder when 205 is divided by 67?
4
What is the remainder when 63969 is divided by 123?
9
Calculate the remainder when 324605 is divided by 286.
281
What is the remainder when 46591 is divided by 402?
361
What is the remainder when 509066 is divided by 247?
246
Calculate the remainder when 10291 is divided by 356.
323
Calculate the remainder when 2038606 is divided by 36.
34
What is the remainder when 360812 is divided by 455?
452
What is the remainder when 29805 is divided by 1351?
83
What is the remainder when 24330 is divided by 2430?
30
Calculate the remainder when 18876 is divided by 320.
316
Calculate the remainder when 244 is divided by 64.
52
Calculate the remainder when 6632 is divided by 2193.
53
Calculate the remainder when 2648 is divided by 2639.
9
What is the remainder when 35257 is divided by 27?
22
Calculate the remainder when 963 is divided by 212.
115
What is the remainder when 20486 is divided by 758?
20
What is the remainder when 265439 is divided by 120?
119
What is the remainder when 11765 is divided by 337?
307
What is the remainder when 1147625 is divided by 18?
17
What is the remainder when 16663 is divided by 26?
23
Calculate the remainder when 4658 is divided by 379.
110
What is the remainder when 7419 is divided by 3680?
59
Calculate the remainder when 2942 is divided by 496.
462
What is the remainder when 21645 is divided by 434?
379
What is the remainder when 46955 is divided by 2235?
20
Calculate the remainder when 189740 is divided by 16.
12
What is the remainder when 313528 is divided by 156756?
16
What is the remainder when 22331 is divided by 194?
21
What is the remainder when 95373 is divided by 5609?
20
What is the remainder when 187782 is divided by 1152?
6
Calculate the remainder when 39981 is divided by 19975.
31
Calculate the remainder when 4921 is divided by 1051.
717
What is the remainder when 5871 is divided by 164?
131
What is the remainder when 121895 is divided by 60932?
31
Calculate the remainder when 21297 is divided by 4252.
37
What is the remainder when 6590 is divided by 71?
58
Calculate the remainder when 8490 is divided by 193.
191
Calculate the remainder when 8708 is divided by 963.
41
What is the remainder when 63655 is divided by 1823?
1673
What is the remainder when 36846 is divided by 197?
7
What is the remainder when 109161 is divided by 43?
27
Calculate the remainder when 174707 is divided by 787.
780
What is the remainder when 139850 is divided by 518?
508
Calculate the remainder when 54351 is divided by 808.
215
Calculate the remainder when 400317 is divided by 320.
317
What is the remainder when 4889 is divided by 136?
129
What is the remainder when 1779 is divided by 472?
363
Calculate the remainder when 97150 is divided by 32.
30
What is the remainder when 649575 is divided by 14435?
0
What is the remainder when 55226 is divided by 64?
58
Calculate the remainder when 14201 is divided by 6665.
871
Calculate the remainder when 77951 is divided by 40.
31
What is the remainder when 11137 is divided by 275?
137
Calculate the remainder when 26551 is divided by 233.
222
Calculate the remainder when 11384 is divided by 697.
232
What is the remainder when 98 is divided by 88?
10
Calculate the remainder when 28607 is divided by 4.
3
Calculate the remainder when 37657 is divided by 18810.
37
Calculate the remainder when 81271 is divided by 23.
12
Calculate the remainder when 44364 is divided by 224.
12
Calculate the remainder when 78803 is divided by 33.
32
Calculate the remainder when 8070 is divided by 6258.
1812
Calculate the remainder when 37223 is divided by 517.
516
What is the remainder when 277013 is divided by 69248?
21
Calculate the remainder when 14108 is divided by 5.
3
Calculate the remainder when 2114 is divided by 683.
65
Calculate the remainder when 38529 is divided by 788.
705
What is the remainder when 3035 is divided by 967?
134
Calculate the remainder when 1815 is divided by 751.
313
What is the remainder w